
2, 3, 1604413
What are the prime factors of 3248904333?
3, 1082968111
List the prime factors of 360250310.
2, 5, 7, 727, 7079
What are the prime factors of 214330809?
3, 7, 11, 84349
List the prime factors of 37589836.
2, 9397459
What are the prime factors of 11398505?
5, 59, 38639
What are the prime factors of 56678422?
2, 28339211
List the prime factors of 33113975.
5, 193, 6863
List the prime factors of 79264605.
3, 5, 7, 107843
What are the prime factors of 86768626?
2, 7, 37, 191, 877
List the prime factors of 55031798.
2, 643, 42793
What are the prime factors of 833423120?
2, 5, 10417789
What are the prime factors of 2881746042?
2, 3, 7, 79, 107, 8117
What are the prime factors of 85553719?
85553719
List the prime factors of 3807032204.
2, 19, 41, 61, 20029
What are the prime factors of 1021023186?
2, 3, 170170531
List the prime factors of 2941107550.
2, 5, 43, 71, 19267
List the prime factors of 80837276.
2, 13, 89, 17467
What are the prime factors of 36518078?
2, 18259039
List the prime factors of 230811001.
211, 1031, 1061
What are the prime factors of 788278891?
1217, 647723
List the prime factors of 1234367367.
3, 411455789
List the prime factors of 132439061.
17, 41, 139, 1367
What are the prime factors of 1546440?
2, 3, 5, 7, 263
What are the prime factors of 2793051358?
2, 503, 1187, 2339
What are the prime factors of 60001404?
2, 3, 127, 39371
List the prime factors of 489597809.
489597809
List the prime factors of 1189750087.
1189750087
List the prime factors of 5019385682.
2, 9431, 266111
What are the prime factors of 1447921596?
2, 3, 11, 59, 185917
List the prime factors of 101021480.
2, 5, 7, 17, 19, 1117
What are the prime factors of 67592452?
2, 73, 231481
List the prime factors of 683754775.
5, 11, 2486381
List the prime factors of 41627387.
107, 389041
What are the prime factors of 704727645?
3, 5, 43, 1092601
What are the prime factors of 71390157?
3, 17, 97, 14431
List the prime factors of 1970009892.
2, 3, 23, 2379239
List the prime factors of 21804184.
2, 23, 163, 727
List the prime factors of 180662638.
2, 13, 17, 37, 11047
List the prime factors of 92441272.
2, 7, 11, 150067
List the prime factors of 1308027698.
2, 283, 449, 5147
List the prime factors of 1045265558.
2, 522632779
What are the prime factors of 572521726?
2, 7, 223, 183383
What are the prime factors of 56881643?
7, 13, 17, 83, 443
What are the prime factors of 131062677?
3, 283, 154373
List the prime factors of 1031548147.
7, 67, 44887
What are the prime factors of 153919567?
233, 660599
What are the prime factors of 54889486?
2, 4357, 6299
What are the prime factors of 396609426?
2, 3, 101, 72719
List the prime factors of 180701923.
180701923
What are the prime factors of 23165821?
7, 107, 157, 197
List the prime factors of 77961249.
3, 31, 279431
List the prime factors of 244195904.
2, 19, 409, 491
List the prime factors of 1010778849.
3, 112308761
List the prime factors of 158248275.
3, 5, 191, 11047
List the prime factors of 122118571.
211, 449, 1289
List the prime factors of 3900047359.
13, 109, 167, 16481
What are the prime factors of 351884963?
521, 569, 1187
What are the prime factors of 1399927681?
67, 20894443
List the prime factors of 27055530.
2, 3, 5, 521, 577
What are the prime factors of 94937578?
2, 47468789
List the prime factors of 117356054.
2, 251, 233777
List the prime factors of 26688196.
2, 1499, 4451
What are the prime factors of 35987329?
7, 673, 7639
What are the prime factors of 164268916?
2, 7, 5866747
List the prime factors of 2418802806.
2, 3, 7, 17, 3387679
What are the prime factors of 1819953392?
2, 821, 138547
What are the prime factors of 474130827?
3, 5853467
List the prime factors of 37802453.
13, 2907881
What are the prime factors of 41920610?
2, 5, 457, 9173
List the prime factors of 3407853697.
3407853697
List the prime factors of 35765479.
2713, 13183
List the prime factors of 650394518.
2, 79, 521, 7901
What are the prime factors of 78389728?
2, 911, 2689
What are the prime factors of 184433853?
3, 2557, 24043
What are the prime factors of 762570515?
5, 7, 29, 751301
List the prime factors of 29780782.
2, 37, 402443
What are the prime factors of 36286821?
3, 53, 127, 599
List the prime factors of 1035557386.
2, 911, 568363
What are the prime factors of 46004244?
2, 3, 11, 13, 17, 19, 83
What are the prime factors of 4086609663?
3, 23, 83, 713569
What are the prime factors of 257805300?
2, 3, 5, 19, 31, 1459
What are the prime factors of 156836001?
3, 7, 7468381
What are the prime factors of 207561905?
5, 41512381
List the prime factors of 410223327.
3, 41, 3335149
What are the prime factors of 369336180?
2, 3, 5, 107, 57529
List the prime factors of 427885301.
19, 727, 30977
List the prime factors of 4273413750.
2, 3, 5, 379859
List the prime factors of 46540192.
2, 1454381
What are the prime factors of 3063621500?
2, 5, 31, 239, 827
What are the prime factors of 1959897?
3, 43, 15193
What are the prime factors of 81300852?
2, 3, 2258357
What are the prime factors of 23979164?
2, 11, 271, 2011
List the prime factors of 39068272.
2, 2441767
List the prime factors of 117363140.
2, 5, 179, 32783
List the prime factors of 922416946.
2, 11, 809, 51827
What are the prime factors of 4677914698?
2, 127, 607, 30341
List the prime factors of 3207048354.
2, 3, 101, 1764053
List the prime factors of 290024057.
167, 1736671
List the prime factors of 1187502196.
2, 373, 795913
List the prime factors of 82222462.
2, 7, 19, 309107
List the prime factors of 103030858.
2, 7, 67, 109841
What are the prime factors of 1025590571?
1025590571
What are the prime factors of 51497248?
2, 11, 146299
What are the prime factors of 73256492?
2, 181, 101183
What are the prime factors of 252047950?
2, 5, 7, 11, 17, 3851
What are the prime factors of 1293037414?
2, 23, 28109509
What are the prime factors of 104017311?
3, 3852493
What are the prime factors of 76700851?
31, 47, 61, 863
List the prime factors of 199443330.
2, 3, 5, 691, 1069
What are the prime factors of 2135285361?
3, 11, 7189513
What are the prime factors of 2722629338?
2, 11, 13, 107, 88969
What are the prime factors of 430967289?
3, 17, 29, 211, 1381
List the prime factors of 62165448.
2, 3, 277, 1039
What are the prime factors of 6456272558?
2, 1213, 2661283
What are the prime factors of 768935478?
2, 3, 443, 289291
List the prime factors of 45124567.
61, 67, 181
What are the prime factors of 269497274?
2, 134748637
List the prime factors of 423965566.
2, 71, 2985673
What are the prime factors of 55079935?
5, 11015987
What are the prime factors of 203113379?
7, 4145171
What are the prime factors of 94912351?
94912351
What are the prime factors of 686859827?
1699, 404273
List the prime factors of 148622758.
2, 1061, 70039
What are the prime factors of 70433826?
2, 3, 11738971
List the prime factors of 357117321.
3, 11, 2767, 3911
What are the prime factors of 586725601?
7, 11, 73, 104381
List the prime factors of 1443449129.
1443449129
What are the prime factors of 584984862?
2, 3, 7, 11, 140689
What are the prime factors of 1209310382?
2, 7, 29, 829, 3593
List the prime factors of 193178373.
3, 64392791
What are the prime factors of 398205112?
2, 43, 53, 21841
What are the prime factors of 100601240?
2, 5, 17, 337, 439
List the prime factors of 956754963.
3, 131, 223, 1213
List the prime factors of 647757556.
2, 23, 7040843
What are the prime factors of 494726881?
11, 89, 505339
What are the prime factors of 4807021818?
2, 3, 239, 3352177
What are the prime factors of 4130122682?
2, 7, 19, 71, 4463
List the prime factors of 814383868.
2, 7583, 26849
List the prime factors of 1242887574.
2, 3, 179, 1157251
List the prime factors of 33825535.
5, 6765107
List the prime factors of 22609310.
2, 5, 761, 2971
What are the prime factors of 431988?
2, 3, 35999
List the prime factors of 7315012826.
2, 11, 103, 3228161
What are the prime factors of 468177211?
1439, 325349
List the prime factors of 12466836.
2, 3, 31, 11171
List the prime factors of 311109353.
41, 7588033
List the prime factors of 1679007851.
41, 40951411
What are the prime factors of 238609091?
7, 34087013
List the prime factors of 36289274.
2, 7, 1607, 1613
What are the prime factors of 3597387860?
2, 5, 11, 